{"id":412,"date":"2016-07-03T21:01:21","date_gmt":"2016-07-03T19:01:21","guid":{"rendered":"http:\/\/monters.de\/?page_id=412"},"modified":"2023-07-26T18:57:16","modified_gmt":"2023-07-26T16:57:16","slug":"stachelbeerbiskuit","status":"publish","type":"page","link":"https:\/\/monters.liebau.org\/?page_id=412","title":{"rendered":"Stachelbeerbiskuit"},"content":{"rendered":"<h2>Zutaten f\u00fcr 6 Personen<img loading=\"lazy\" decoding=\"async\" class=\"alignright size-medium wp-image-396\" src=\"http:\/\/monters.liebau.org\/wp-content\/uploads\/2016\/07\/07_Juli-Stachelbeerbiskuit-300x200.jpg\" alt=\"07_Juli Stachelbeerbiskuit\" width=\"300\" height=\"200\" srcset=\"https:\/\/monters.liebau.org\/wp-content\/uploads\/2016\/07\/07_Juli-Stachelbeerbiskuit-300x200.jpg 300w, https:\/\/monters.liebau.org\/wp-content\/uploads\/2016\/07\/07_Juli-Stachelbeerbiskuit-768x512.jpg 768w, https:\/\/monters.liebau.org\/wp-content\/uploads\/2016\/07\/07_Juli-Stachelbeerbiskuit.jpg 1016w\" sizes=\"auto, (max-width: 300px) 100vw, 300px\" \/><\/h2>\n<p>500 g Stachelbeeren<br \/>\n50 g Zucker<br \/>\n1 Banane<br \/>\n1 TL Zitronensaft<br \/>\n100 g L\u00f6ffelbiskuits<br \/>\n125 g Magerquark<br \/>\n15 g Zucker<br \/>\n1 Prise Vanillepulver<\/p>\n<h2>Zubereitung<\/h2>\n<ul>\n<li>Die Stachelbeeren waschen und die Stielenden entfernen. Gemeinsam mit Zucker, Banane und dem Zitronensaft mit dem P\u00fcrierstab zu einem Mus verarbeiten.<\/li>\n<li>Die L\u00f6ffelbiskuits in grobe St\u00fccke brechen, dabei 6 St\u00fcckchen f\u00fcr sp\u00e4ter auf die Seite legen. Die St\u00fccke in Gl\u00e4ser legen, das Stachelbeermus darauf verteilen.<\/li>\n<li>Den Magerquark mit Zucker und Vanille zu einer glatten Masse verr\u00fchren. Jeweils einen Quarkklacks auf das Stachelbeermus setzen und in der Mitte das Biskuitst\u00fcckchen platzieren.<\/li>\n<\/ul>\n<h2>Tipp<\/h2>\n<p style=\"padding-left: 30px;\">Statt der L\u00f6ffelbiskuits k\u00f6nnen auch Kuchen- oder Keksreste verwendet werden.<\/p>\n<h3>Dieses Rezept enth\u00e4lt pro Person:<\/h3>\n<p>174 kcal<br \/>\n6 g Eiwei\u00df<br \/>\n1 g Fett<br \/>\n33 g Kohlenhydrate<br \/>\n3 g Ballaststoffe<\/p>\n","protected":false},"excerpt":{"rendered":"<p>Zutaten f\u00fcr 6 Personen 500 g Stachelbeeren 50 g Zucker 1 Banane 1 TL Zitronensaft 100 g L\u00f6ffelbiskuits 125 g Magerquark 15 g Zucker 1 Prise Vanillepulver Zubereitung Die Stachelbeeren waschen und die Stielenden entfernen. Gemeinsam mit Zucker, Banane und dem Zitronensaft mit dem P\u00fcrierstab zu einem Mus verarbeiten. Die L\u00f6ffelbiskuits in grobe St\u00fccke brechen, &#8230; <a title=\"Stachelbeerbiskuit\" class=\"read-more\" href=\"https:\/\/monters.liebau.org\/?page_id=412\" aria-label=\"Mehr Informationen \u00fcber Stachelbeerbiskuit\">Weiterlesen<\/a><\/p>\n","protected":false},"author":1,"featured_media":0,"parent":391,"menu_order":2,"comment_status":"closed","ping_status":"closed","template":"","meta":{"footnotes":""},"class_list":["post-412","page","type-page","status-publish"],"_links":{"self":[{"href":"https:\/\/monters.liebau.org\/index.php?rest_route=\/wp\/v2\/pages\/412","targetHints":{"allow":["GET"]}}],"collection":[{"href":"https:\/\/monters.liebau.org\/index.php?rest_route=\/wp\/v2\/pages"}],"about":[{"href":"https:\/\/monters.liebau.org\/index.php?rest_route=\/wp\/v2\/types\/page"}],"author":[{"embeddable":true,"href":"https:\/\/monters.liebau.org\/index.php?rest_route=\/wp\/v2\/users\/1"}],"replies":[{"embeddable":true,"href":"https:\/\/monters.liebau.org\/index.php?rest_route=%2Fwp%2Fv2%2Fcomments&post=412"}],"version-history":[{"count":1,"href":"https:\/\/monters.liebau.org\/index.php?rest_route=\/wp\/v2\/pages\/412\/revisions"}],"predecessor-version":[{"id":413,"href":"https:\/\/monters.liebau.org\/index.php?rest_route=\/wp\/v2\/pages\/412\/revisions\/413"}],"up":[{"embeddable":true,"href":"https:\/\/monters.liebau.org\/index.php?rest_route=\/wp\/v2\/pages\/391"}],"wp:attachment":[{"href":"https:\/\/monters.liebau.org\/index.php?rest_route=%2Fwp%2Fv2%2Fmedia&parent=412"}],"curies":[{"name":"wp","href":"https:\/\/api.w.org\/{rel}","templated":true}]}}