{"id":255,"date":"2016-02-07T20:14:36","date_gmt":"2016-02-07T19:14:36","guid":{"rendered":"http:\/\/monters.de\/?page_id=255"},"modified":"2023-02-01T11:53:12","modified_gmt":"2023-02-01T10:53:12","slug":"sahniger-karottenbrotaufstrich","status":"publish","type":"page","link":"https:\/\/monters.liebau.org\/?page_id=255","title":{"rendered":"Sahniger Karottenbrotaufstrich"},"content":{"rendered":"<h2>Zutaten<img loading=\"lazy\" decoding=\"async\" class=\"alignright wp-image-223 size-medium\" src=\"http:\/\/monters.liebau.org\/wp-content\/uploads\/2016\/02\/02_Brotaufstrich-300x200.jpg\" alt=\"02_Brotaufstrich\" width=\"300\" height=\"200\" srcset=\"https:\/\/monters.liebau.org\/wp-content\/uploads\/2016\/02\/02_Brotaufstrich-300x200.jpg 300w, https:\/\/monters.liebau.org\/wp-content\/uploads\/2016\/02\/02_Brotaufstrich.jpg 405w\" sizes=\"auto, (max-width: 300px) 100vw, 300px\" \/><i><\/i><u><\/u><\/h2>\n<p><strong>4 Karotten<\/strong><br \/>\n<strong> 200 g Frischk\u00e4se (Doppelrahmstufe)<\/strong><br \/>\n<strong> \u00bd TL Salz<\/strong><br \/>\n<strong> Pfeffer<\/strong><\/p>\n<p>&nbsp;<\/p>\n<h2>Zubereitung<\/h2>\n<p>\u2022 Karotten waschen, ungesch\u00e4lt in kochendes Wasser legen und je nach Gr\u00f6\u00dfe in 10-15 Minuten gar kochen. Danach die Karotten mit kaltem Wasser abschrecken, etwas abk\u00fchlen lassen, dann mit einem Messer abschaben und n grobe St\u00fccke zerteilen.<br \/>\n\u2022 Karotten und Frischk\u00e4se in ein hohes Gef\u00e4\u00df geben. Alles mit dem P\u00fcrierstab zu einem homogenen Aufstrich verarbeiten.<br \/>\n\u2022 Zuletzt salzen und pfeffern. K\u00fchl stellen!<\/p>\n<p><strong>Das Rezept ergibt etwa 400 Gramm Brotaufstrich.<\/strong><br \/>\nEr kann beliebig als Unterlage zu Gurken, Tomaten oder \u00e4hnlichem verwendet werden. Der Phantasie sind keine Grenzen gesetzt.<br \/>\nAls alleiniger Brotaufstrich k\u00f6nnen nach Belieben verschiedene Kr\u00e4uter dar\u00fcber gestreut werden. Schnittlauch eignet sich besonders gut.<\/p>\n<h2>Tipp<\/h2>\n<p>1. Der Karottenbrotaufstrich erinnert im Geschmack an Ei. Versuchen Sie ihn mal anstelle des Fr\u00fchst\u00fcckeis.<\/p>\n<h3>Dieses Rezept enth\u00e4lt pro 30 g:<br \/>\n54 kcal<br \/>\n2 g Eiwei\u00df<br \/>\n5 g Fett<br \/>\n1 g Kohlenhydrate<br \/>\n1 g Ballaststoffe<\/h3>\n","protected":false},"excerpt":{"rendered":"<p>Zutaten 4 Karotten 200 g Frischk\u00e4se (Doppelrahmstufe) \u00bd TL Salz Pfeffer &nbsp; Zubereitung \u2022 Karotten waschen, ungesch\u00e4lt in kochendes Wasser legen und je nach Gr\u00f6\u00dfe in 10-15 Minuten gar kochen. Danach die Karotten mit kaltem Wasser abschrecken, etwas abk\u00fchlen lassen, dann mit einem Messer abschaben und n grobe St\u00fccke zerteilen. \u2022 Karotten und Frischk\u00e4se in &#8230; <a title=\"Sahniger Karottenbrotaufstrich\" class=\"read-more\" href=\"https:\/\/monters.liebau.org\/?page_id=255\" aria-label=\"Mehr Informationen \u00fcber Sahniger Karottenbrotaufstrich\">Weiterlesen<\/a><\/p>\n","protected":false},"author":1,"featured_media":0,"parent":222,"menu_order":3,"comment_status":"closed","ping_status":"closed","template":"","meta":{"footnotes":""},"class_list":["post-255","page","type-page","status-publish"],"_links":{"self":[{"href":"https:\/\/monters.liebau.org\/index.php?rest_route=\/wp\/v2\/pages\/255","targetHints":{"allow":["GET"]}}],"collection":[{"href":"https:\/\/monters.liebau.org\/index.php?rest_route=\/wp\/v2\/pages"}],"about":[{"href":"https:\/\/monters.liebau.org\/index.php?rest_route=\/wp\/v2\/types\/page"}],"author":[{"embeddable":true,"href":"https:\/\/monters.liebau.org\/index.php?rest_route=\/wp\/v2\/users\/1"}],"replies":[{"embeddable":true,"href":"https:\/\/monters.liebau.org\/index.php?rest_route=%2Fwp%2Fv2%2Fcomments&post=255"}],"version-history":[{"count":4,"href":"https:\/\/monters.liebau.org\/index.php?rest_route=\/wp\/v2\/pages\/255\/revisions"}],"predecessor-version":[{"id":263,"href":"https:\/\/monters.liebau.org\/index.php?rest_route=\/wp\/v2\/pages\/255\/revisions\/263"}],"up":[{"embeddable":true,"href":"https:\/\/monters.liebau.org\/index.php?rest_route=\/wp\/v2\/pages\/222"}],"wp:attachment":[{"href":"https:\/\/monters.liebau.org\/index.php?rest_route=%2Fwp%2Fv2%2Fmedia&parent=255"}],"curies":[{"name":"wp","href":"https:\/\/api.w.org\/{rel}","templated":true}]}}